0
Calculate (-57 - -9) + -14 + 56.
-6
What is (-59 - (-69 + 24)) + -9?
-23
Calculate 2 - -2 - (158 - (89 + -6)).
-71
What is the value of 12 + (-7 - (-13 - -2)) + -14 - -8?
10
What is the value of (-364 - -112) + 124 + 104?
-24
75 + (-222 - -49) + 40
-58
What is the value of -2 + -30 + -28 + 73?
13
Evaluate (0 - 6 - -33) + 143 + -218.
-48
(-17 - (10 + -16)) + 59 - (-12 - -31)
29
Evaluate -63 + (1 - 4 - (82 + -84)).
-64
What is the value of -19 + -14 + -30 - (13 + -32)?
-44
Calculate 1003 + -968 - (7 + -4).
32
What is 67 + -28 + 6 + -35?
10
Calculate 1 + 9 + 0 + -1 + -16 + 2.
-5
What is the value of -14 - (263 - 126 - 238)?
87
Evaluate (-1 - (-9 + 2 + -5)) + 3 - 16.
-2
Evaluate 17 - (-22 - -59 - 46).
26
-85 + 1 - (9 - (2 + -6 + 3 - -16))
-78
What is the value of -3 + (-2 - -3) + (-31 + -6 + 22 - -6)?
-11
What is -4 + 4 - (2 - 8) - ((-1 - 7) + 49)?
-35
Calculate -2 + 1 + (-3 - -18) - 60 - 5.
-51
What is the value of 152 + 100 + -198 + -87?
-33
Calculate -74 + (82 - (7 - -3)).
-2
What is 23 - 11 - ((-20 - 2) + 9 + 2)?
23
What is 1 - (-67 + 12 + -4 - (-4 + 16 + -9))?
63
Evaluate (83 - 63 - (27 - 3)) + (-3 - 104 - -3).
-108
Evaluate (25 - (48 - 28)) + (-5 + 3 - (-122 - -10)).
115
Evaluate -11 + -13 + 14 + 16 - -17 - 8.
15
Evaluate 42 + 0 - (-70 - -92 - 97).
117
What is the value of -35 + (1 - 3 - (-20 + (-3 - -12)))?
-26
-26 - ((-10 - 22) + (-80 - -1))
85
Evaluate -111 - ((34 - 10) + -30 - 22).
-83
Evaluate -94 - (-1 + -76 - -34).
-51
What is the value of (-6 - 0) + 21 + 128 + 3 + 10 + -7?
149
What is the value of (3 - 7 - 52) + -5 + (-1 - (14 - 14))?
-62
Evaluate 1 + -8 + -4 + -1 + (-1 - -34) + 3.
24
Evaluate -12 + (19 - (7 - 14)) + -19 + (1 - 68).
-72
Evaluate 1 - (-6 + 35) - (109 + -105).
-32
What is 136 + -103 + 1 - (-44 + 4)?
74
(0 - (4 + -6 + -31 + 26)) + 22
29
Calculate -88 + 115 - -4 - -45.
76
Evaluate -15 - (65 + (-51 - 86)).
57
Evaluate (-139 - (96 - 232)) + 4.
1
(33 - (47 + -175)) + -139
22
What is the value of -99 + 1 + (-1966 - -2054)?
-10
What is 11 + (-19 + -13 + 25 + 2 - -60)?
66
Evaluate -12 - (-12 - -5) - ((-2 - 2) + -9).
8
What is the value of 46 + -31 + 2 + 5 + 18 + (-1 - -8)?
47
-77 - (100 + -80) - -190
93
-63 + 20 + (51 - 35)
-27
-40 + (-34 + 47 - -11) - (-1 + 41)
-56
Evaluate -23 + 15 + -3 + -20 + (-4 - -8).
-27
What is 3 + (3 - -1) + (-50 + 82 - (-13 - 4))?
56
What is (3 - (0 - 1)) + 0 + (112893 - 112789)?
108
Evaluate -6 + 1 + (18 - -10) + -4 + 61 + -50.
30
What is the value of -8 + (1 + 22 - (-438 + 457 - (26 - -1)))?
23
What is -164 + 309 + -91 - (-3 + 1 - -8)?
48
Calculate -12 - (-26 + (19 + -22 - -11)).
6
Evaluate (7 - 25) + 16 - ((2 - -73) + 6 + 0).
-83
What is the value of 1 + -49 - (216 + -175)?
-89
1 + (17 - 5 - 35) + -8 - -13
-17
What is -10 + 1 + (-70 + 90 - 16)?
-5
What is (7 - (-1 + -1)) + (61 + -40 - -23)?
53
What is the value of 4479 + -4361 + -1 + -53?
64
What is -27 + 4 + -15 + (0 - -35)?
-3
What is the value of -17 - -1 - ((35 - 22) + 3)?
-32
Calculate -78 - (100 + -154) - (0 + -92).
68
14 - 29 - (170 + -182)
-3
What is -11 - (9 + (-48 - -14) - 13)?
27
Evaluate (-51 - -18) + -28 + 118.
57
Calculate -39 + 15 + -10 - (16 - -17).
-67
-2 - -9 - (31 - (-1 - 18)) - -7
-36
0 - 11 - (-11 - (63 + -73))
-10
Calculate (10 - 5 - 7) + 13 + 16 + (-1 - -8).
34
(-1 - (0 - -6)) + -1 - -10 - (-35 - -4)
33
What is 103 + -87 + (-1 - (1 - 23)) + 3?
40
What is the value of -55 + 46 - (-23 - (-44 + 25))?
-5
Evaluate -3 - (-87 + 139) - -53.
-2
Evaluate 13 + -17 + 73 + 6 + -7 + 4.
72
Calculate (22 - 2) + -801 + 728.
-53
What is 6 + (10 - ((-11 - -9) + -64 + -3) - -7)?
92
(-94 - -5 - (-1 - 4)) + -330 + 335
-79
77 + 186 + -113 + -42
108
Evaluate 12 - (-5 + 0 - (69 + -56 + 2)).
32
What is -367 - -357 - (1 + 0)?
-11
What is (-210 + 241 - (-16 + 7)) + -25?
15
37 + 81 - 143 - -65
40
Evaluate (27 - (-17 - 10)) + -52.
2
What is the value of 43 + 6 + -70 + 10 - (-2 + -64)?
55
What is 4 - (15 - 8) - ((3 - -86) + 21 + -11)?
-102
Evaluate (50 + (-46 - -5) - (1 + -4)) + 13 + -1.
24
What is the value of 23 - ((7 - 21) + 39 + 55)?
-57
What is the value of -2 + (526 + -539 - (-2 + 1 + -34))?
20
Evaluate -23 + -30 + 32 + 50 - 16.
13
Calculate (-20 + (-11 - -6) - -23) + -24.
-26
What is the value of -26 + 24 + 18 + (-6 - -7 - -8)?
25
What is (-13 - -58) + -13 + (-16 - -24)?
40
What is -25 + 8 + (-8 - (2 - (16 - 2)))?
-13
Calculate 12 + -12 - 7 - (-5 + 1) - -76 - 7.
66
(99 - 2 - (-146 + 188)) + (3 - (-12 + 3))
67
Calculate (0 - 41) + 173 + (61 - 155).
38
What is the value of -3 + -3 + -7 + (-280 - -282)?
-11
Calculate (61 - 147) + 67 - -86.
67
Evaluate -23 + (0 - -26 - (3 - 67)).
67
18 - (-5 + -5 + -1 - (7 + -140))
-104
What is -43 - 1 - (383 - 387)?
-40
What is the value of -12 - (-13 + (8 - -15) + -3)?
-19
0 + (3 - 1) + -81 - (690 + 16 + -718)
-67
Calculate 8465 + -8414 + 1 + 1 + -3 + (4 - 3).
51
Calculate (-2 - 3) + 12 - (2 + -33).
38
Evaluate (160 - (11 + 126)) + -27.
-4
Calculate 89 + 29 + -7 + -30 - -6.
87
What is the value of 3 + (20 + 1 - (12 - 27 - 7 - -21))?
25
Evaluate (1 - -5) + (-441 - -430).
-5
Evaluate -34 + 12 - 7 - (23 - 22).
-30
What is -20982 + 21059 + (-9 + 1 - (1 - 1))?
69
What is 14 + 1 + (67 - 23 - 147)?
-88
Evaluate -92 + (118 - 123) + 23.
-74
-8 + (-20 - 50 - -83)
5
-41 + 71 - 32 - ((-8 + 3 - -4) + -82)
81
What is the value of 20 + (0 - 9) + (20 + -12 - 68)?
-49
What is the value of 107 + (-113 - -60 - -3)?
57
What is -2 + (-132 - -3) + (64 - (-21 + 68))?
-114
Calculate 1 - 4 - (-28 - (-24 + 2 - -11)) - -119.
133
What is the value of 39 - (-23 + 25 + -22 + 14)?
45
What is the value of 0 + -56 + -2046 + 2133?
31
What is 37 - ((-43 - -23 - 21) + 84)?
-6
Calculate -873 - -874 - ((-1 - (0 - 1)) + (5 - 42)).
38
Evaluate -36 + (92 + -47 - -29).
38
What is -165 - (-375 + (107 - -43))?
60
What is the value of -24 + -6 + (7 - -46) - -29?
52
Evaluate -24 + (-44 - (3 - 55)).
-16
Evaluate 15 + (-6 - -2) + -34 + 34 + -1 + -3.
7
Calculate -7 + (120 - 125 - (-7 + 2)).
-7
What is the value of 0 + -58 - (427 + -453 + 7 + (0 - -5))?
-44
What is 7 + 2 + -11 + (-1 - 51 - (-42 - -62))?
-74
What is -4 + (-10 + 3 - -21) - (11 + -21)?
20
3 - (82 - (-19 + 28))
-70
What is 42 + (-17 - (-6 - -2))?
29
What is 108 - (0 - 4) - (-41 - -12 - -18)?
123
What is the value of 4 - (39 + (-23 - -18))?
-30
What is 6 - (7 + (17 - -3) + -45)?
24
What is the value of (-13 - (11 - (35 + 0))) + 1 + -9?
3
-43 - (63 + -75 - 19)
-12
What is 576 - 593 - (0 + 1 + -9 + -2)?
-7
Calculate 73 - (30 - (-72 - 11)).
-40
Calculate ((20 - 13 - (3 + 27)) + -11 - 5) + -8.
-47
Calculate (3 - ((8 - (9 + -4)) + -2)) + 5 - -46.
53
What is -109 + (-176 + 96 - -110)?
-79
-147 + 170 + 2 + -48 - -18
-5
-147 + (-17 - -4) + 30 - (15 + 3 - 5)
-143
Calculate -41 + 0 + 428 + -407.
-20
Evaluate 74 + 5 - (3 + (39 + -53 - (11 - 10))).
91
29 - (26 - -12) - (43 + -18)
-34
What is -325 + 118 - -84 - -174?
51
What is 1567 + -1532 - (-2 - -30 - (3 + 0))?
10
Evaluate (-2 - 35) + (230 + -8 - 138).
47
Calculate (-3 - -16 - (6 + -3 + (14 - 9))) + 1.
6
Calculate 10 + (-46 - 0) + (104 - 6).
62
Evaluate 39 + -18 + -16 + (0 - 27) + 9 + 101.
88
What is 44 - (14 + (11 - 75))?
94
What is the value of -5 + -1 + -9 + (-714 - -717)?
-12
Evaluate 142 + -68 - 47 - (-3 + 105).
-75
What is 85 - (132 - 27) - -89?
69
Calculate 10 + 9 + (11 - 11) + -2 + -2 + 114.
129
Evaluate (13 - 25) + 6 + (-1 - 37) + -10.
-54
What is the value of (-19 - 2) + 60 + -2 + -27?
10
Calculate (1 - (-2 - -1)) + -1 + (91 - 96) - -8.
4
What is -8 + (-23 - -45) + -13?
1
Evaluate (-2 - -12) + (20428 - 20345).
93
Calculate 2 - (8 - 0) - ((-52 - -41 - 11) + -26).
42
Calculate (116 - (-54 - -109)) + -13.
48
Evaluate -10 + (-20 - 0 - (8 + 12 + -36)).
-14
What is the value of -11 + 31 + -42 + 21?
-1
-48 - (-1 - (-10 + (-51 + 55 - (-4 - 2))))
-47
What is the value of 38 + -3 + (2 - -2) + (384 - 376)?
47
-2011 + 1974 - (2 - (2 + -2))
-39
3 + (4 + -24 - -15) + -6
-8
12 - (101 + -40 - -41 - -32)
-122
What is the value of (23 - -21) + -39 - (-24 - ((-1 - -1) + 0))?
29
What is the value of 73 - (-4 - (24 + (-14 - -6) - 12))?
81
What is the value of (-4 - -58) + 1881 + -1935?
0
(-115 + -16 - -126) + 110
105
Calculate 11 - 3 - ((17 - (0 - (11 - 15))) + -13).
8
(-4290 - -4455) + -3 + -80
82
What is the value of -118 - (-88 + 64 + 39 + -12)?
-121
What is the va